{"id":519,"date":"2023-11-10T12:27:29","date_gmt":"2023-11-10T17:27:29","guid":{"rendered":"https:\/\/amzimportacion.com\/web\/?post_type=product&#038;p=519"},"modified":"2023-11-10T14:34:24","modified_gmt":"2023-11-10T19:34:24","slug":"ups-easy-3m","status":"publish","type":"product","link":"https:\/\/amzimportacion.com\/web\/producto\/ups-easy-3m\/","title":{"rendered":"UPS EASY3M"},"content":{"rendered":"<p>Capacidad de carga nominal: desde 60 kVA hasta 200 kVA.<br \/>\nEficiencia: hasta el 96,5%.<br \/>\nSectores el\u00e9ctricos recomendados: aplicaciones comerciales, peque\u00f1os y medianos centros de datos, infraestructura cr\u00edtica y redes el\u00e9ctricas.<\/p>\n","protected":false},"excerpt":{"rendered":"<p>Mayor disponibilidad. Reducci\u00f3n de costos operativos. Protecci\u00f3n el\u00e9ctrica de primera clase para infraestructura cr\u00edtica.<\/p>\n","protected":false},"featured_media":520,"comment_status":"open","ping_status":"closed","template":"","meta":{"_et_pb_use_builder":"","_et_pb_old_content":"","_et_gb_content_width":"","_joinchat":[]},"product_brand":[],"product_cat":[59],"product_tag":[83,69,82],"class_list":{"0":"post-519","1":"product","2":"type-product","3":"status-publish","4":"has-post-thumbnail","6":"product_cat-sistema-de-alimentacion-ininterrumpidas-ups","7":"product_tag-apc","8":"product_tag-schneider","9":"product_tag-ups","11":"first","12":"instock","13":"shipping-taxable","14":"purchasable","15":"product-type-simple"},"jetpack_sharing_enabled":true,"_links":{"self":[{"href":"https:\/\/amzimportacion.com\/web\/wp-json\/wp\/v2\/product\/519","targetHints":{"allow":["GET"]}}],"collection":[{"href":"https:\/\/amzimportacion.com\/web\/wp-json\/wp\/v2\/product"}],"about":[{"href":"https:\/\/amzimportacion.com\/web\/wp-json\/wp\/v2\/types\/product"}],"replies":[{"embeddable":true,"href":"https:\/\/amzimportacion.com\/web\/wp-json\/wp\/v2\/comments?post=519"}],"wp:featuredmedia":[{"embeddable":true,"href":"https:\/\/amzimportacion.com\/web\/wp-json\/wp\/v2\/media\/520"}],"wp:attachment":[{"href":"https:\/\/amzimportacion.com\/web\/wp-json\/wp\/v2\/media?parent=519"}],"wp:term":[{"taxonomy":"product_brand","embeddable":true,"href":"https:\/\/amzimportacion.com\/web\/wp-json\/wp\/v2\/product_brand?post=519"},{"taxonomy":"product_cat","embeddable":true,"href":"https:\/\/amzimportacion.com\/web\/wp-json\/wp\/v2\/product_cat?post=519"},{"taxonomy":"product_tag","embeddable":true,"href":"https:\/\/amzimportacion.com\/web\/wp-json\/wp\/v2\/product_tag?post=519"}],"curies":[{"name":"wp","href":"https:\/\/api.w.org\/{rel}","templated":true}]}}